{"id":382,"date":"2024-09-21T20:59:30","date_gmt":"2024-09-21T20:59:30","guid":{"rendered":"https:\/\/augmentedfive.ca\/?page_id=382"},"modified":"2026-02-16T19:22:03","modified_gmt":"2026-02-16T19:22:03","slug":"past-concerts","status":"publish","type":"page","link":"https:\/\/augmentedfive.ca\/index.php\/past-concerts\/","title":{"rendered":"Past Concerts"},"content":{"rendered":"\n<h3 class=\"wp-block-heading\">Operatic Gems &#8211; <strong>September 27th, 2025<\/strong><\/h3>\n\n\n\n<div class=\"wp-block-media-text is-stacked-on-mobile is-vertically-aligned-top\" style=\"grid-template-columns:45% auto\"><figure class=\"wp-block-media-text__media\"><a href=\"https:\/\/augmentedfive.ca\/wp-content\/uploads\/2025\/09\/Operatic-Gems-ppt.png\" target=\"_blank\" rel=\"noreferrer noopener\"><img loading=\"lazy\" decoding=\"async\" width=\"1024\" height=\"576\" src=\"https:\/\/augmentedfive.ca\/wp-content\/uploads\/2025\/09\/Operatic-Gems-ppt-1024x576.png\" alt=\"\" class=\"wp-image-752 size-full\" srcset=\"https:\/\/augmentedfive.ca\/wp-content\/uploads\/2025\/09\/Operatic-Gems-ppt-1024x576.png 1024w, https:\/\/augmentedfive.ca\/wp-content\/uploads\/2025\/09\/Operatic-Gems-ppt-300x169.png 300w, https:\/\/augmentedfive.ca\/wp-content\/uploads\/2025\/09\/Operatic-Gems-ppt-768x432.png 768w, https:\/\/augmentedfive.ca\/wp-content\/uploads\/2025\/09\/Operatic-Gems-ppt.png 1280w\" sizes=\"auto, (max-width: 1024px) 100vw, 1024px\" \/><\/a><\/figure><div class=\"wp-block-media-text__content\">\n<p><strong>Augmented Five&#8217;s Operatic Gem<\/strong> with guest artists, featuring Mozart, Verdi, Bellini &amp; Gounod, in a celebrated performance.<\/p>\n<\/div><\/div>\n\n\n\n<p><\/p>\n\n\n\n<h3 class=\"wp-block-heading\">Cinematic Classics &#8211; June 28th, 2025<\/h3>\n\n\n\n<div class=\"wp-block-media-text is-stacked-on-mobile is-vertically-aligned-top\" style=\"grid-template-columns:45% auto\"><figure class=\"wp-block-media-text__media\"><a href=\"https:\/\/augmentedfive.ca\/wp-content\/uploads\/2025\/09\/CinematicClassics.png\" target=\"_blank\" rel=\"noreferrer noopener\"><img loading=\"lazy\" decoding=\"async\" width=\"1024\" height=\"576\" src=\"https:\/\/augmentedfive.ca\/wp-content\/uploads\/2025\/09\/CinematicClassics-1024x576.png\" alt=\"\" class=\"wp-image-756 size-full\" srcset=\"https:\/\/augmentedfive.ca\/wp-content\/uploads\/2025\/09\/CinematicClassics-1024x576.png 1024w, https:\/\/augmentedfive.ca\/wp-content\/uploads\/2025\/09\/CinematicClassics-300x169.png 300w, https:\/\/augmentedfive.ca\/wp-content\/uploads\/2025\/09\/CinematicClassics-768x432.png 768w, https:\/\/augmentedfive.ca\/wp-content\/uploads\/2025\/09\/CinematicClassics.png 1280w\" sizes=\"auto, (max-width: 1024px) 100vw, 1024px\" \/><\/a><\/figure><div class=\"wp-block-media-text__content\">\n<p><strong>Augmented Five\u2019s interludes from movies<\/strong> like The Mission 1986, Schindler\u2019s List 1993, Life is Beautiful 1997, and The Pianist 2002. <\/p>\n<\/div><\/div>\n\n\n\n<p><\/p>\n\n\n\n<h3 class=\"wp-block-heading\">Autumn Resonance &#8211; October 19th, 2024<\/h3>\n\n\n\n<div class=\"wp-block-media-text is-stacked-on-mobile is-vertically-aligned-top\" style=\"grid-template-columns:45% auto\"><figure class=\"wp-block-media-text__media\"><a href=\"https:\/\/augmentedfive.ca\/wp-content\/uploads\/2024\/10\/Autumn-Resonance.jpg\" target=\"_blank\" rel=\"noreferrer noopener\"><img loading=\"lazy\" decoding=\"async\" width=\"1024\" height=\"576\" src=\"https:\/\/augmentedfive.ca\/wp-content\/uploads\/2024\/10\/Autumn-Resonance-1024x576.jpg\" alt=\"\" class=\"wp-image-630 size-full\" srcset=\"https:\/\/augmentedfive.ca\/wp-content\/uploads\/2024\/10\/Autumn-Resonance-1024x576.jpg 1024w, https:\/\/augmentedfive.ca\/wp-content\/uploads\/2024\/10\/Autumn-Resonance-300x169.jpg 300w, https:\/\/augmentedfive.ca\/wp-content\/uploads\/2024\/10\/Autumn-Resonance-768x432.jpg 768w, https:\/\/augmentedfive.ca\/wp-content\/uploads\/2024\/10\/Autumn-Resonance.jpg 1280w\" sizes=\"auto, (max-width: 1024px) 100vw, 1024px\" \/><\/a><\/figure><div class=\"wp-block-media-text__content\">\n<p><strong>A live concert to celebrate the beauty of autumn<\/strong>&nbsp;with a live concert of seasonal favourites by J.S. Bach, Vivaldi, Haydn and Mozart!<\/p>\n<\/div><\/div>\n\n\n\n<p><\/p>\n\n\n\n<h3 class=\"wp-block-heading\">L&#8217;\u00e9t\u00e9 de l&#8217;amour &#8211; June 22nd, 2024<\/h3>\n\n\n\n<div class=\"wp-block-media-text is-stacked-on-mobile is-vertically-aligned-top\" style=\"grid-template-columns:45% auto\"><figure class=\"wp-block-media-text__media\"><a href=\"https:\/\/augmentedfive.ca\/wp-content\/uploads\/2024\/09\/Augmented-Five_Lete-de-lamour.jpg\" target=\"_blank\" rel=\"noreferrer noopener\"><img loading=\"lazy\" decoding=\"async\" width=\"1024\" height=\"576\" src=\"https:\/\/augmentedfive.ca\/wp-content\/uploads\/2024\/09\/Augmented-Five_Lete-de-lamour-1024x576.jpg\" alt=\"\" class=\"wp-image-501 size-full\" srcset=\"https:\/\/augmentedfive.ca\/wp-content\/uploads\/2024\/09\/Augmented-Five_Lete-de-lamour-1024x576.jpg 1024w, https:\/\/augmentedfive.ca\/wp-content\/uploads\/2024\/09\/Augmented-Five_Lete-de-lamour-300x169.jpg 300w, https:\/\/augmentedfive.ca\/wp-content\/uploads\/2024\/09\/Augmented-Five_Lete-de-lamour-768x432.jpg 768w, https:\/\/augmentedfive.ca\/wp-content\/uploads\/2024\/09\/Augmented-Five_Lete-de-lamour.jpg 1280w\" sizes=\"auto, (max-width: 1024px) 100vw, 1024px\" \/><\/a><\/figure><div class=\"wp-block-media-text__content\">\n<p><strong>Entering a summer of love and surprises with a classical evening concert celebrating French vocal and instrumental music, <\/strong> featuring works from Ernest Chausson, Reynaldo Hahn, Pyotr Ilyich Tchaikovsky, L\u00e9o D\u00e9libes, Chopin, Fritz Kriesler, Alfred Bachelet, and Gabriel Faur\u00e9.<\/p>\n<\/div><\/div>\n\n\n\n<p><\/p>\n\n\n\n<h3 class=\"wp-block-heading\">A Time for Everything &#8211; February 24th, 2023<\/h3>\n\n\n\n<div class=\"wp-block-media-text is-stacked-on-mobile is-vertically-aligned-top\" style=\"grid-template-columns:45% auto\"><figure class=\"wp-block-media-text__media\"><a href=\"https:\/\/augmentedfive.ca\/wp-content\/uploads\/2024\/09\/A-Time-for-Everything_Feb-24-Concert.png\" target=\"_blank\" rel=\"noreferrer noopener\"><img loading=\"lazy\" decoding=\"async\" width=\"1024\" height=\"576\" src=\"https:\/\/augmentedfive.ca\/wp-content\/uploads\/2024\/09\/A-Time-for-Everything_Feb-24-Concert-1024x576.png\" alt=\"\" class=\"wp-image-537 size-full\" srcset=\"https:\/\/augmentedfive.ca\/wp-content\/uploads\/2024\/09\/A-Time-for-Everything_Feb-24-Concert-1024x576.png 1024w, https:\/\/augmentedfive.ca\/wp-content\/uploads\/2024\/09\/A-Time-for-Everything_Feb-24-Concert-300x169.png 300w, https:\/\/augmentedfive.ca\/wp-content\/uploads\/2024\/09\/A-Time-for-Everything_Feb-24-Concert-768x432.png 768w, https:\/\/augmentedfive.ca\/wp-content\/uploads\/2024\/09\/A-Time-for-Everything_Feb-24-Concert.png 1280w\" sizes=\"auto, (max-width: 1024px) 100vw, 1024px\" \/><\/a><\/figure><div class=\"wp-block-media-text__content\">\n<p><strong>For everything there is a season, a time for every matter under heaven. (Ecclesiastes 3:1<\/strong>). An evening of chamber music, featuring works from Johann Sebastian Bach, Albert Franz Doppler, Gaetano Donizetti, Johannes Brahms, Fritz Kreisler, and Aram Khachaturian.<br><\/p>\n<\/div><\/div>\n\n\n\n<p><\/p>\n\n\n\n<h3 class=\"wp-block-heading\">Nuit Enchant\u00e9e &#8211; July 29th, 2023<strong> <\/strong><\/h3>\n\n\n\n<div class=\"wp-block-media-text is-stacked-on-mobile is-vertically-aligned-top\" style=\"grid-template-columns:45% auto\"><figure class=\"wp-block-media-text__media\"><a href=\"https:\/\/augmentedfive.ca\/wp-content\/uploads\/2024\/09\/Nuit-enchantee_Augmented-Five-July-2023.jpg\" target=\"_blank\" rel=\"noreferrer noopener\"><img loading=\"lazy\" decoding=\"async\" width=\"1024\" height=\"576\" src=\"https:\/\/augmentedfive.ca\/wp-content\/uploads\/2024\/09\/Nuit-enchantee_Augmented-Five-July-2023-1024x576.jpg\" alt=\"\" class=\"wp-image-503 size-full\" srcset=\"https:\/\/augmentedfive.ca\/wp-content\/uploads\/2024\/09\/Nuit-enchantee_Augmented-Five-July-2023-1024x576.jpg 1024w, https:\/\/augmentedfive.ca\/wp-content\/uploads\/2024\/09\/Nuit-enchantee_Augmented-Five-July-2023-300x169.jpg 300w, https:\/\/augmentedfive.ca\/wp-content\/uploads\/2024\/09\/Nuit-enchantee_Augmented-Five-July-2023-768x432.jpg 768w, https:\/\/augmentedfive.ca\/wp-content\/uploads\/2024\/09\/Nuit-enchantee_Augmented-Five-July-2023.jpg 1280w\" sizes=\"auto, (max-width: 1024px) 100vw, 1024px\" \/><\/a><\/figure><div class=\"wp-block-media-text__content\">\n<p><strong>An enchanting evening of French songs and chamber music<\/strong> featuring works&nbsp;music from Cecile Chaminade, Maurice Ravel, Camille Saint-Sa\u00ebns, Andr\u00e9 Caplet, Albert Roussel, Alexander Alyabyev, Rimsky-Korsakov, L\u00e9o Delibes, Jules Massanet, G.F. Handel, Franz Doppler, Claude Debussy , and Alfred Bachelet.<\/p>\n<\/div><\/div>\n\n\n\n<p><\/p>\n","protected":false},"excerpt":{"rendered":"<p>Operatic Gems &#8211; September 27th, 2025 Augmented Five&#8217;s Operatic Gem with guest artists, featuring Mozart, Verdi, Bellini &amp; Gounod, in [&hellip;]<\/p>\n","protected":false},"author":1,"featured_media":0,"parent":0,"menu_order":0,"comment_status":"closed","ping_status":"closed","template":"","meta":{"site-sidebar-layout":"default","site-content-layout":"","ast-site-content-layout":"","site-content-style":"default","site-sidebar-style":"default","ast-global-header-display":"","ast-banner-title-visibility":"","ast-main-header-display":"","ast-hfb-above-header-display":"","ast-hfb-below-header-display":"","ast-hfb-mobile-header-display":"","site-post-title":"","ast-breadcrumbs-content":"","ast-featured-img":"","footer-sml-layout":"","theme-transparent-header-meta":"","adv-header-id-meta":"","stick-header-meta":"","header-above-stick-meta":"","header-main-stick-meta":"","header-below-stick-meta":"","astra-migrate-meta-layouts":"default","ast-page-background-enabled":"default","ast-page-background-meta":{"desktop":{"background-color":"var(--ast-global-color-4)","background-image":"","background-repeat":"repeat","background-position":"center center","background-size":"auto","background-attachment":"scroll","background-type":"","background-media":"","overlay-type":"","overlay-color":"","overlay-opacity":"","overlay-gradient":""},"tablet":{"background-color":"","background-image":"","background-repeat":"repeat","background-position":"center center","background-size":"auto","background-attachment":"scroll","background-type":"","background-media":"","overlay-type":"","overlay-color":"","overlay-opacity":"","overlay-gradient":""},"mobile":{"background-color":"","background-image":"","background-repeat":"repeat","background-position":"center center","background-size":"auto","background-attachment":"scroll","background-type":"","background-media":"","overlay-type":"","overlay-color":"","overlay-opacity":"","overlay-gradient":""}},"ast-content-background-meta":{"desktop":{"background-color":"var(--ast-global-color-5)","background-image":"","background-repeat":"repeat","background-position":"center center","background-size":"auto","background-attachment":"scroll","background-type":"","background-media":"","overlay-type":"","overlay-color":"","overlay-opacity":"","overlay-gradient":""},"tablet":{"background-color":"var(--ast-global-color-5)","background-image":"","background-repeat":"repeat","background-position":"center center","background-size":"auto","background-attachment":"scroll","background-type":"","background-media":"","overlay-type":"","overlay-color":"","overlay-opacity":"","overlay-gradient":""},"mobile":{"background-color":"var(--ast-global-color-5)","background-image":"","background-repeat":"repeat","background-position":"center center","background-size":"auto","background-attachment":"scroll","background-type":"","background-media":"","overlay-type":"","overlay-color":"","overlay-opacity":"","overlay-gradient":""}},"footnotes":""},"class_list":["post-382","page","type-page","status-publish","hentry"],"yoast_head":"<!-- This site is optimized with the Yoast SEO plugin v25.0 - https:\/\/yoast.com\/wordpress\/plugins\/seo\/ -->\n<title>Past Concerts - Augmented Five<\/title>\n<meta name=\"robots\" content=\"index, follow, max-snippet:-1, max-image-preview:large, max-video-preview:-1\" \/>\n<link rel=\"canonical\" href=\"https:\/\/augmentedfive.ca\/index.php\/past-concerts\/\" \/>\n<meta property=\"og:locale\" content=\"en_US\" \/>\n<meta property=\"og:type\" content=\"article\" \/>\n<meta property=\"og:title\" content=\"Past Concerts - Augmented Five\" \/>\n<meta property=\"og:description\" content=\"Operatic Gems &#8211; September 27th, 2025 Augmented Five&#8217;s Operatic Gem with guest artists, featuring Mozart, Verdi, Bellini &amp; Gounod, in [&hellip;]\" \/>\n<meta property=\"og:url\" content=\"https:\/\/augmentedfive.ca\/index.php\/past-concerts\/\" \/>\n<meta property=\"og:site_name\" content=\"Augmented Five\" \/>\n<meta property=\"article:modified_time\" content=\"2026-02-16T19:22:03+00:00\" \/>\n<meta property=\"og:image\" content=\"https:\/\/augmentedfive.ca\/wp-content\/uploads\/2025\/09\/Operatic-Gems-ppt.png\" \/>\n\t<meta property=\"og:image:width\" content=\"1280\" \/>\n\t<meta property=\"og:image:height\" content=\"720\" \/>\n\t<meta property=\"og:image:type\" content=\"image\/png\" \/>\n<meta name=\"twitter:card\" content=\"summary_large_image\" \/>\n<meta name=\"twitter:label1\" content=\"Est. reading time\" \/>\n\t<meta name=\"twitter:data1\" content=\"3 minutes\" \/>\n<script type=\"application\/ld+json\" class=\"yoast-schema-graph\">{\"@context\":\"https:\/\/schema.org\",\"@graph\":[{\"@type\":\"WebPage\",\"@id\":\"https:\/\/augmentedfive.ca\/index.php\/past-concerts\/\",\"url\":\"https:\/\/augmentedfive.ca\/index.php\/past-concerts\/\",\"name\":\"Past Concerts - Augmented Five\",\"isPartOf\":{\"@id\":\"https:\/\/augmentedfive.ca\/#website\"},\"primaryImageOfPage\":{\"@id\":\"https:\/\/augmentedfive.ca\/index.php\/past-concerts\/#primaryimage\"},\"image\":{\"@id\":\"https:\/\/augmentedfive.ca\/index.php\/past-concerts\/#primaryimage\"},\"thumbnailUrl\":\"https:\/\/augmentedfive.ca\/wp-content\/uploads\/2025\/09\/Operatic-Gems-ppt-1024x576.png\",\"datePublished\":\"2024-09-21T20:59:30+00:00\",\"dateModified\":\"2026-02-16T19:22:03+00:00\",\"breadcrumb\":{\"@id\":\"https:\/\/augmentedfive.ca\/index.php\/past-concerts\/#breadcrumb\"},\"inLanguage\":\"en-US\",\"potentialAction\":[{\"@type\":\"ReadAction\",\"target\":[\"https:\/\/augmentedfive.ca\/index.php\/past-concerts\/\"]}]},{\"@type\":\"ImageObject\",\"inLanguage\":\"en-US\",\"@id\":\"https:\/\/augmentedfive.ca\/index.php\/past-concerts\/#primaryimage\",\"url\":\"https:\/\/augmentedfive.ca\/wp-content\/uploads\/2025\/09\/Operatic-Gems-ppt.png\",\"contentUrl\":\"https:\/\/augmentedfive.ca\/wp-content\/uploads\/2025\/09\/Operatic-Gems-ppt.png\",\"width\":1280,\"height\":720},{\"@type\":\"BreadcrumbList\",\"@id\":\"https:\/\/augmentedfive.ca\/index.php\/past-concerts\/#breadcrumb\",\"itemListElement\":[{\"@type\":\"ListItem\",\"position\":1,\"name\":\"Home\",\"item\":\"https:\/\/augmentedfive.ca\/\"},{\"@type\":\"ListItem\",\"position\":2,\"name\":\"Past Concerts\"}]},{\"@type\":\"WebSite\",\"@id\":\"https:\/\/augmentedfive.ca\/#website\",\"url\":\"https:\/\/augmentedfive.ca\/\",\"name\":\"Augmented Five\",\"description\":\"A dynamic classical music ensemble\",\"publisher\":{\"@id\":\"https:\/\/augmentedfive.ca\/#organization\"},\"potentialAction\":[{\"@type\":\"SearchAction\",\"target\":{\"@type\":\"EntryPoint\",\"urlTemplate\":\"https:\/\/augmentedfive.ca\/?s={search_term_string}\"},\"query-input\":{\"@type\":\"PropertyValueSpecification\",\"valueRequired\":true,\"valueName\":\"search_term_string\"}}],\"inLanguage\":\"en-US\"},{\"@type\":\"Organization\",\"@id\":\"https:\/\/augmentedfive.ca\/#organization\",\"name\":\"Augmented Five\",\"url\":\"https:\/\/augmentedfive.ca\/\",\"logo\":{\"@type\":\"ImageObject\",\"inLanguage\":\"en-US\",\"@id\":\"https:\/\/augmentedfive.ca\/#\/schema\/logo\/image\/\",\"url\":\"https:\/\/augmentedfive.ca\/wp-content\/uploads\/2026\/02\/A5Header40.png\",\"contentUrl\":\"https:\/\/augmentedfive.ca\/wp-content\/uploads\/2026\/02\/A5Header40.png\",\"width\":1691,\"height\":497,\"caption\":\"Augmented Five\"},\"image\":{\"@id\":\"https:\/\/augmentedfive.ca\/#\/schema\/logo\/image\/\"}}]}<\/script>\n<!-- \/ Yoast SEO plugin. -->","yoast_head_json":{"title":"Past Concerts - Augmented Five","robots":{"index":"index","follow":"follow","max-snippet":"max-snippet:-1","max-image-preview":"max-image-preview:large","max-video-preview":"max-video-preview:-1"},"canonical":"https:\/\/augmentedfive.ca\/index.php\/past-concerts\/","og_locale":"en_US","og_type":"article","og_title":"Past Concerts - Augmented Five","og_description":"Operatic Gems &#8211; September 27th, 2025 Augmented Five&#8217;s Operatic Gem with guest artists, featuring Mozart, Verdi, Bellini &amp; Gounod, in [&hellip;]","og_url":"https:\/\/augmentedfive.ca\/index.php\/past-concerts\/","og_site_name":"Augmented Five","article_modified_time":"2026-02-16T19:22:03+00:00","og_image":[{"width":1280,"height":720,"url":"https:\/\/augmentedfive.ca\/wp-content\/uploads\/2025\/09\/Operatic-Gems-ppt.png","type":"image\/png"}],"twitter_card":"summary_large_image","twitter_misc":{"Est. reading time":"3 minutes"},"schema":{"@context":"https:\/\/schema.org","@graph":[{"@type":"WebPage","@id":"https:\/\/augmentedfive.ca\/index.php\/past-concerts\/","url":"https:\/\/augmentedfive.ca\/index.php\/past-concerts\/","name":"Past Concerts - Augmented Five","isPartOf":{"@id":"https:\/\/augmentedfive.ca\/#website"},"primaryImageOfPage":{"@id":"https:\/\/augmentedfive.ca\/index.php\/past-concerts\/#primaryimage"},"image":{"@id":"https:\/\/augmentedfive.ca\/index.php\/past-concerts\/#primaryimage"},"thumbnailUrl":"https:\/\/augmentedfive.ca\/wp-content\/uploads\/2025\/09\/Operatic-Gems-ppt-1024x576.png","datePublished":"2024-09-21T20:59:30+00:00","dateModified":"2026-02-16T19:22:03+00:00","breadcrumb":{"@id":"https:\/\/augmentedfive.ca\/index.php\/past-concerts\/#breadcrumb"},"inLanguage":"en-US","potentialAction":[{"@type":"ReadAction","target":["https:\/\/augmentedfive.ca\/index.php\/past-concerts\/"]}]},{"@type":"ImageObject","inLanguage":"en-US","@id":"https:\/\/augmentedfive.ca\/index.php\/past-concerts\/#primaryimage","url":"https:\/\/augmentedfive.ca\/wp-content\/uploads\/2025\/09\/Operatic-Gems-ppt.png","contentUrl":"https:\/\/augmentedfive.ca\/wp-content\/uploads\/2025\/09\/Operatic-Gems-ppt.png","width":1280,"height":720},{"@type":"BreadcrumbList","@id":"https:\/\/augmentedfive.ca\/index.php\/past-concerts\/#breadcrumb","itemListElement":[{"@type":"ListItem","position":1,"name":"Home","item":"https:\/\/augmentedfive.ca\/"},{"@type":"ListItem","position":2,"name":"Past Concerts"}]},{"@type":"WebSite","@id":"https:\/\/augmentedfive.ca\/#website","url":"https:\/\/augmentedfive.ca\/","name":"Augmented Five","description":"A dynamic classical music ensemble","publisher":{"@id":"https:\/\/augmentedfive.ca\/#organization"},"potentialAction":[{"@type":"SearchAction","target":{"@type":"EntryPoint","urlTemplate":"https:\/\/augmentedfive.ca\/?s={search_term_string}"},"query-input":{"@type":"PropertyValueSpecification","valueRequired":true,"valueName":"search_term_string"}}],"inLanguage":"en-US"},{"@type":"Organization","@id":"https:\/\/augmentedfive.ca\/#organization","name":"Augmented Five","url":"https:\/\/augmentedfive.ca\/","logo":{"@type":"ImageObject","inLanguage":"en-US","@id":"https:\/\/augmentedfive.ca\/#\/schema\/logo\/image\/","url":"https:\/\/augmentedfive.ca\/wp-content\/uploads\/2026\/02\/A5Header40.png","contentUrl":"https:\/\/augmentedfive.ca\/wp-content\/uploads\/2026\/02\/A5Header40.png","width":1691,"height":497,"caption":"Augmented Five"},"image":{"@id":"https:\/\/augmentedfive.ca\/#\/schema\/logo\/image\/"}}]}},"_links":{"self":[{"href":"https:\/\/augmentedfive.ca\/index.php\/wp-json\/wp\/v2\/pages\/382","targetHints":{"allow":["GET"]}}],"collection":[{"href":"https:\/\/augmentedfive.ca\/index.php\/wp-json\/wp\/v2\/pages"}],"about":[{"href":"https:\/\/augmentedfive.ca\/index.php\/wp-json\/wp\/v2\/types\/page"}],"author":[{"embeddable":true,"href":"https:\/\/augmentedfive.ca\/index.php\/wp-json\/wp\/v2\/users\/1"}],"replies":[{"embeddable":true,"href":"https:\/\/augmentedfive.ca\/index.php\/wp-json\/wp\/v2\/comments?post=382"}],"version-history":[{"count":26,"href":"https:\/\/augmentedfive.ca\/index.php\/wp-json\/wp\/v2\/pages\/382\/revisions"}],"predecessor-version":[{"id":811,"href":"https:\/\/augmentedfive.ca\/index.php\/wp-json\/wp\/v2\/pages\/382\/revisions\/811"}],"wp:attachment":[{"href":"https:\/\/augmentedfive.ca\/index.php\/wp-json\/wp\/v2\/media?parent=382"}],"curies":[{"name":"wp","href":"https:\/\/api.w.org\/{rel}","templated":true}]}}